et f(n) = -8*n**2 + 13*n - 6. Let b(k) = -13*f(k) - 6*v(k). List the prime factors of b(12).
2, 3
Suppose -5*b - b = 2172. Let i = 245 + b. Let y = 197 + i. List the prime factors of y.
2, 5
Suppose 25 - 9 = 8*a. Let q = 2 + 3. Suppose 167 = 4*z - q*h, -a*z - z + 134 = 5*h. List the prime factors of z.
43
Let a(c) = -6*c + 26. Let f be a(4). Suppose -3*r = 4*r - f*r. Suppose r = 6*p - 115 - 977. List the prime factors of p.
2, 7, 13
Let g(v) = -3*v**2 + 12*v + 2. Let d be g(4). Suppose -f = -d*f. Let z(n) = -2*n + 270. List the prime factors of z(f).
2, 3, 5
Suppose -3*l = -p + 844 - 24985, 3*l - 5*p = 24165. What are the prime factors of l?
5, 1609
Suppose 0 = 4*y - 5*b - 169, -121 = 6*y - 9*y - 2*b. Suppose 8*m + 28182 = y*m. List the prime factors of m.
2, 7, 61
Suppose -21*g + 345 = 2*g. Suppose -g*y = -19*y + 1008. What are the prime factors of y?
2, 3, 7
Let p(g) = -1338*g + 1588. List the prime factors of p(-40).
2, 23, 599
Suppose 0 = -14530*m + 14560*m - 2181510. What are the prime factors of m?
3, 24239
Suppose -f + 18*f + 5*f = 75702. What are the prime factors of f?
3, 31, 37
Suppose 2*k + i - 418 = 5*i, i + 607 = 3*k. Let c(l) = l**3 + 3*l**2 + 3*l - 6. Let n be c(6). Let g = n - k. What are the prime factors of g?
3, 5
Let l be 10/(-6) - (-127392)/36. Suppose 17*c - 20*c = -4*f - l, 3*c - 3*f = 3540. List the prime factors of c.
7, 13
Let b = -21 + 93. Suppose 0 = -54*d + 55*d - 135. Let g = d - b. List the prime factors of g.
3, 7
Let f(w) = -6*w - 26. Let q be f(-4). Let s be (1/q)/(((-6)/20)/3). Suppose 2*j = 5*m + 178, s*m - m = 2*j - 180. List the prime factors of j.
2, 47
Let k(j) = -j + 11. Let d be k(-4). Let m be 720 + 3/(d/(-25)). Suppose -5*z + m - 2 = 4*r, r - 152 = 4*z. List the prime factors of r.
2, 43
Suppose -5*t = -t - 3*b - 21664, -t = -5*b - 5416. What are the prime factors of t?
2, 677
Let a(h) = 242*h**2 + 497*h - 7. List the prime factors of a(8).
19457
Suppose q - 25*q + 5976 = 0. Let p = q - -746. List the prime factors of p.
5, 199
List the prime factors of (-7 + -5 + 16)*(1707 - 0).
2, 3, 569
Let v(f) = 25*f**3 - 2*f**2 + 2*f + 3. Let l = -58 - -60. List the prime factors of v(l).
199
Let h(y) = 23284*y**2 - 105*y - 106. List the prime factors of h(-1).
3, 13, 199
Suppose 2105*v - 2101*v - 54936 = 0. What are the prime factors of v?
2, 3, 7, 109
Let w(g) be the first derivative of 7*g**3/3 + 3*g**2/2 + 103*g + 113. What are the prime factors of w(-8)?
17, 31
Let i(f) = -270*f - 2500. List the prime factors of i(-33).
2, 5, 641
Let i(q) = q**2 - 24*q + 85. Let c be i(27). Let b = -2 + c. List the prime factors of b.
2, 41
What are the prime factors of ((-25206)/4)/(-1) + 38/76?
2, 23, 137
Suppose 5*h - c + 6 = 2*c, -2 = -c. Suppose -2*s - b + 98 = h, 7*s = 4*s + 2*b + 133. Let w = s - -135. What are the prime factors of w?
2, 7, 13
Let g(x) = -44*x - 10. Let v(j) = -7*j - 4. Let i(z) = z - 1. Let w(c) = -2*i(c) + v(c). Let o(u) = -3*g(u) + 14*w(u). What are the prime factors of o(8)?
2, 5
Let k = -6265 + 13761. What are the prime factors of k?
2, 937
Let o be 6 + 2/(-16) + 7/(-8). Let f(t) = -t**3 + 8*t**2 - 4*t + 4. Let s be f(o). List the prime factors of (-5 - -8) + -4 + s.
2, 29
Let k(h) = -h**2 - 7*h + 7. Let o be k(-6). Let r = -18 + o. List the prime factors of r*(4 - 7 - 0).
3, 5
Let s be 0/((-6)/8 + (-2)/8). Suppose s = -17*o + 2067 - 214. What are the prime factors of o?
109
Let d be 33/(-9) - (-2)/3. Let m be d/(((-63)/192)/7). Suppose 36 - 291 = -4*q + 3*o, o + m = q. What are the prime factors of q?
3, 7
Suppose 3*n + 21 = -3*g + 54, 3*n = 6. Suppose g*l - 86 = 58. Let i(a) = 5*a + 15. List the prime factors of i(l).
5, 19
Let d = 425 + -414. Suppose d*q - 15567 = -4083. List the prime factors of q.
2, 3, 29
Let h = -4387 - -5998. What are the prime factors of h?
3, 179
Let u(r) = -90*r + 55. Let d be u(3). Let k = d + 849. List the prime factors of k.
2, 317
Let d(t) = 15*t + 8. Let r(h) = -14*h - 10. Let s(m) = 3*d(m) + 4*r(m). What are the prime factors of s(-44)?
2, 3, 13
Let f(h) = 54*h - 58. Let n(o) = 18*o - 13. Let k(r) = -36*r + 27. Let x(g) = 6*k(g) + 11*n(g). Let b(s) = -5*f(s) - 14*x(s). List the prime factors of b(-7).
2, 3, 5
What are the prime factors of -5 - -2994 - (-37 - 11)/6?
3, 37
Suppose 0 = 4*n - 4*w - 4, -2*n - 3*w - 6 = -23. Suppose -45 = -h - n*h. What are the prime factors of (-1)/(3/h)*-1 - -190?
193
Suppose -39262 + 112792 = 4*u + 5*x, 4*u - x = 73494. What are the prime factors of u?
3, 5, 7
Let h be ((-140)/(-2*1))/(180/(-630)). Let v = h - -255. What are the prime factors of v?
2, 5
Suppose 3*o + o = 232. Let f(d) = 2*d**2 - 12*d + 7. Let b be f(4). Let u = o - b. What are the prime factors of u?
67
Let h = 129816 + -54436. List the prime factors of h.
2, 5, 3769
Let z(i) = -83*i**3 - 3*i**2 - 7*i - 12. Let l be z(-2). Let y = 1298 - l. List the prime factors of y.
2, 7, 23
Let n be 3/(-8) + (-95)/(-40). Suppose 4*v - n*c - 339 = 579, 5*v - 1143 = -2*c. Suppose -g = 5*q - 87, g - v = -2*g + q. What are the prime factors of g?
7, 11
Let j = 449 - 492. Let i = j + 242. What are the prime factors of i?
199
Let i(c) = c**3 + 12*c**2 - 35*c - 101. What are the prime factors of i(-10)?
449
Let z be (50/30*-12)/((-3)/(-24)). Let p = -699 - -1040. Let s = p + z. What are the prime factors of s?
181
Let s be (-77)/22*(-8)/7. Suppose j - s*j - 3*n = -864, 4*j - 1131 = 3*n. List the prime factors of ((-11)/(-3) + 9/(-3))*j.
2, 5, 19
Let t(w) = -43 + 314*w + 83 - 47. List the prime factors of t(1).
307
Let s(n) = -4*n + 28. Let t be s(7). Suppose t = 8*i + i - 1548. List the prime factors of 4/(-14) - (i/(-14) + 2).
2, 5
Let u = -1240 - -2214. Let i be u*((-2)/(-5))/((-44)/(-55)). Suppose i = -7*g + 1698. What are the prime factors of g?
173
Suppose 0 = -4*s + 2*f - 228, 3*s + 3*f + 67 = -95. Let l = s + 18. Let g = 56 - l. List the prime factors of g.
2, 47
Let r be 20/(-32)*2*12. Let b(i) = -5*i**3 + 4*i**3 + 2 + 0*i**3 - 131*i - 14*i**2 + 143*i. What are the prime factors of b(r)?
47
Let u(q) = q + 10. Let t be u(-5). Suppose 2*x = -i, -9 = t*x - i - 2. List the prime factors of x/(4/(-34)*6/12).
17
What are the prime factors of 3843 - (-7 - -18) - 3?
7, 547
Let h(i) = 2768*i**2 - 116*i - 611. List the prime factors of h(-5).
263
Let o = 39057 + -17049. What are the prime factors of o?
2, 3, 7, 131
Let m(t) be the second derivative of t**5/20 - t**4/3 - 2*t**3/3 - 15*t**2/2 + 25*t. Let j be m(5). What are the prime factors of (-308)/j*(-5)/30*-15?
7, 11
Let l = -37 - -24. List the prime factors of ((-9)/12 + 1)/(l/(-16484)).
317
Suppose 16*l - 3*l - 174662 = -10*l. What are the prime factors of l?
2, 3797
Suppose -3*t + 3540 = -3*q + 19023, 3*q - 15486 = 2*t. What are the prime factors of q?
2, 1291
Let i(w) = 79*w**2 - 112*w - 860. List the prime factors of i(-8).
2, 19, 67
Let g = -20 + 20. Suppose -2*w + 17*w - 60 = g. Suppose 0 = 2*f + 3*c - 310, -640 = -w*f + 2*c - 3*c. What are the prime factors of f?
7, 23
Let n(j) = -j**3 - 13*j**2 + 8*j + 13. Let c be n(-12). Let s = 518 + c. List the prime factors of s.
3, 97
What are the prime factors of 811104/56 + 0 + 0/((-2)/2)?
2, 3, 17, 71
Let h be (-4)/(5 - 7) - 2. Suppose 33*x - 3803 - 13522 = h. List the prime factors of x.
3, 5, 7
List the prime factors of -49246*87/58*(-2)/6.
24623
Suppose -5*n = -n - 89832. List the prime factors of n/133 + 12/(-14).
2, 3, 7
Suppose 4*c - 15 = c. Suppose -c*m = 43 + 2. Let h(w) = w + 17. What are the prime factors of h(m)?
2
Suppose -5*k + 32*k - 172692 = 0. Suppose -6*x + 2*x + k = 0. What are the prime factors of x?
3, 13, 41
List the prime factors of (-2 + 0)*(-1087835)/70.
31081
Suppose -234*d - 5*d + 4974390 = 103*d. What are the prime factors of d?
5, 2909
Let c be (6/(-8))/((-19)/304). Suppose -c*v + 0*v + 12480 = 0. List the prime factors of v.
2, 5, 13
Let c be (3/2)/(12/(-16)). What are the prime factors of (c/(-6))/(4/7032)?
2, 293
Suppose 1715 = -4*l - 2161. Let x = -684 - l. What are the prime factors of x?
3, 5, 19
Let g(a) be the first derivative of 47*a**2/2 - 80*a - 110. List the prime factors of g(11).
19, 23
Suppose 19 + 21 = 2*c. Let i(k) = 28 - c*k - k**2 + 29 - 67. What are the prime factors of i(-8)?
2, 43
Suppose d + 5*y + 5 = 0, -y - 43 = -2*d - 2*d. 